14*h - 306. What are the prime factors of c(-81)?
2, 3, 11, 59
Suppose 0 = -2*a + 5*c + 4762, -2*a - 406*c + 405*c + 4762 = 0. List the prime factors of a.
2381
List the prime factors of 13/3*(-335)/(5 + 2010/(-396)).
2, 11, 13, 67
List the prime factors of 2/30*(22 + 2)*915.
2, 3, 61
Let u(k) = -k**3 - 4*k**2 - 3*k + 1. Let j be u(-3). Let b = -748 + 358. What are the prime factors of (6/(-5))/(402/b + j)?
3, 13
Let a(b) = 1314*b**2 - 918*b - 3655. List the prime factors of a(-4).
53, 397
Suppose 23*y = 26*y - 1185. Let b = y - -41. What are the prime factors of b?
2, 109
Suppose -o + 2*g = -2*o + 4, 2*g = 2. Suppose -4*l + 658 = -o*m, -320 = -4*l + 2*l - 2*m. Let x = l + -15. List the prime factors of x.
2, 37
Let l = 193 + -202. List the prime factors of ((-297)/(-5))/(l/(-60)).
2, 3, 11
Suppose 5*m = -3*v + 40 + 20, -3*m = -3*v - 12. Suppose -m*g - 496 = -7*g. Let n = g + 364. What are the prime factors of n?
2, 29
Let t(z) = -25*z - 46. Let i be t(-2). Suppose 0 = 2*d - 0*d - 4. Suppose -d*g + 160 = 5*a - a, -a = i*g - 285. List the prime factors of g.
2, 5, 7
Suppose -5*b - 13*m + 21659 = -9*m, -4*b - 4*m = -17332. What are the prime factors of b?
4327
Let g = 192 + -187. Suppose -g*w = k - 663, 11*w + k - 531 = 7*w. What are the prime factors of w?
2, 3, 11
Let x = 480 + -806. Suppose 0 = -23*h - 1805 - 2427. Let p = h - x. What are the prime factors of p?
2, 71
Let g(y) = -696*y + 240. What are the prime factors of g(-7)?
2, 3, 71
Let s(b) = -13*b - 37. Let k be s(-3). Suppose 326 + 2034 = 4*y + 5*u, y - k*u = 590. What are the prime factors of y?
2, 5, 59
Let t be (14 - 4 - 0) + -5. Suppose t*f - 62 - 8 = 0. What are the prime factors of -136*((-6)/f + (-45)/140)?
2, 3, 17
Suppose 155*l = -169656 + 3130931. What are the prime factors of l?
5, 3821
Let x = -14628 + 23419. What are the prime factors of x?
59, 149
Let j = -280 - -753. Suppose 22*x - j - 2783 = 0. What are the prime factors of x?
2, 37
Let n = 100713 - 52732. List the prime factors of n.
47981
Suppose -4*p + 1 = -11. Let b(k) = 8*k**3 - 2*k**2 - 2*k - 5. Let t be b(p). Suppose 5*h - t - 241 = -4*n, -410 = -5*h + 5*n. List the prime factors of h.
2, 3, 7
What are the prime factors of ((-678)/(-84) - 8)*4*13909?
2, 1987
Let f(k) = k**3 - 18*k**2 - 41*k + 7. Let q be f(20). Let s = q + 25. List the prime factors of (-4)/s - (-2 + (-790)/3).
5, 53
Suppose 2*y + 1708 = 8900. Suppose -y = -19*p - 1373. What are the prime factors of p?
3, 13
Let s(p) = -1. Let k(v) = -5*v**2 + 6*v - 55. Let h(y) = -k(y) + 4*s(y). List the prime factors of h(15).
2, 3, 181
Let z(d) be the first derivative of -15*d**2/2 - 8*d - 3. Let x be z(2). Let g = x - -54. What are the prime factors of g?
2
Let q(u) = 2. Let z(d) = -38*d - 126. Let o(r) = -2*q(r) - z(r). List the prime factors of o(9).
2, 29
Let y be (-1)/3*-1*15. Let d(n) = -299*n**2 - 99*n + 508. Let b be d(5). What are the prime factors of b/(-35) - 1/y?
3, 71
Let t(z) = 115 + 10*z - 180 - z**3 + 25*z**2 - 4*z**2. List the prime factors of t(21).
5, 29
Let q(j) = 1883*j - 4641. What are the prime factors of q(16)?
7, 11, 331
Suppose 2 = -2*l, -3*t = 2*t + 2*l - 13. List the prime factors of t + 1 + 101 + 3.
2, 3
Suppose -3*o = -281 + 35. Suppose 3*s = -4*j + 5854, -j - 86*s + 1470 = -o*s. What are the prime factors of j?
2, 17, 43
Let i(k) = -3*k**2 - 21*k + 25. Let a be i(-8). Let n = a - -102. What are the prime factors of n?
103
Suppose 802 = -3*t - 4*b, 2*b - 1290 = 5*t - 3*b. Let x = t - -652. What are the prime factors of x?
2, 3, 5, 13
List the prime factors of (1511/6)/(((-893)/(-798))/47).
7, 1511
Suppose -3*b + 9 - 65885 = -5*w, 5*w - 65862 = -4*b. List the prime factors of w.
2, 7, 941
Let q = -2482 + 2488. Suppose 4*o - 4 + 0 = 2*g, 4*o + 5*g + 10 = 0. Suppose o*p - 504 = -q*p. List the prime factors of p.
2, 3, 7
Suppose 0 = 3*j - 2*z - 7 - 10, -2*z + 23 = 5*j. Suppose 3*w = j*w - 1600. What are the prime factors of (3/15 - -1)/(12/w)?
2, 5
Suppose 483880 = -19468*y + 19488*y. List the prime factors of y.
2, 12097
Let r be 6*(145/(-3))/(-5). Let s = r - 46. Suppose -16*u + 136 = -s*u. What are the prime factors of u?
2, 17
Let l = -368 + 370. Let b(n) = n**2 + 8*n - 5. Let g be b(-9). Suppose -2*t + 112 = -j + l*j, g*j = 2*t - 102. List the prime factors of t.
5, 11
List the prime factors of 2*3/(-36) + (31049944/48)/53.
5, 2441
Let z(y) = -5*y + 159. Let w be z(16). Suppose 396 = 3*d - 4*g - w, -5*g - 632 = -4*d. List the prime factors of d.
3, 17
Let x(w) be the third derivative of 23*w**5/30 - w**4/24 + w**3/2 - 16*w**2. Let k be x(-3). Suppose -225 = -5*z + k. What are the prime factors of z?
3, 43
Let j(c) = c. Let l(v) = -9*v - 18. Let n(s) = -6*j(s) - l(s). Let i be n(-6). Suppose 19*m - 22*m + 594 = i. List the prime factors of m.
2, 3, 11
Suppose -3*m - 5*j + 23 = -20, 2*j = 4*m - 14. Suppose 0 = -5*q - 14 - m, -8 = -4*t + q. What are the prime factors of t/((-2)/(-138)) - 6/2?
2, 3, 11
Let t = -353 - -610. Suppose -5*b + 367 = -z + 114, -5*b = z - t. Suppose b*x - 49*x = 394. What are the prime factors of x?
197
Let r(q) = -3*q + 6 + 1 - 6 + 11. Let o be r(11). What are the prime factors of 60/14 + -4 - 2367/o?
113
Suppose 0 = x - 240 + 235, -t = 2*x - 28894. List the prime factors of t.
2, 3, 29, 83
List the prime factors of (-600050)/(-10) + 1 + -22.
2, 23, 163
Let q(f) = 68*f**2 + 27*f - 400. What are the prime factors of q(12)?
2, 7, 347
Let g(n) = -n + 7. Let u be g(3). Let z(h) = -u*h - 22*h + 22 - 23. List the prime factors of z(-2).
3, 17
Suppose 1269*b + 27 = 1278*b. Suppose -15*x = b*x - 1368. List the prime factors of x.
2, 19
Let b be ((-18)/2)/(-3)*(-150)/(-45). Suppose -b*h + 7*h = -450. List the prime factors of h.
2, 3, 5
Let l = 10495 - 5830. What are the prime factors of l?
3, 5, 311
Suppose j - 16 = -4*s, -3*s = -6*j + j - 12. Let x be (4/1*1 - j)*170. Suppose x = 5*w - i, 5*w + 5*i - 401 - 309 = 0. List the prime factors of w.
137
Suppose -8*f + 4*f = 0. Suppose f = 13*o + 28*o - 68429. What are the prime factors of o?
1669
Let u(h) = -6*h - 46. Let m be u(9). What are the prime factors of (3 - m/(-36))*9?
2
What are the prime factors of 8556 + 42 + 2 + -2 + -5?
13, 661
Let p(f) = -23*f**3 - 9*f**2 - f + 13. Let a be p(6). What are the prime factors of (-3)/(-4) + a/(-20)?
5, 53
Suppose 548468 - 2977694 = -171*l. List the prime factors of l.
2, 7103
Let l(i) = 74*i**2 - 35*i - 30. What are the prime factors of l(-12)?
2, 3, 7, 263
Suppose -20*a + 2198 = -102. Let u = a + 350. List the prime factors of u.
3, 5, 31
Let u be (-2)/3*(-54)/12. List the prime factors of 56/(-42) + 49/u.
3, 5
Suppose -o + 62733 = 2*o + 2778. List the prime factors of o.
5, 7, 571
Suppose 5*c + 5*s - 2075 = 0, 5*c - 2025 = 12*s - 7*s. Let l = c - -943. What are the prime factors of l?
3, 11, 41
Suppose -4*r - 4*s + 92 = 0, 116 - 11 = 5*r + 3*s. Suppose -r*c + 23376 = -888. What are the prime factors of c?
2, 337
Suppose 0 = n - 3*h + 5*h - 21, 3*h = 9. Suppose -14*b - 168 = -n*b + o, -528 = -3*b - 5*o. List the prime factors of b.
3, 19
Let b be (1265/10)/((-5)/(-370)). Suppose 0*c - b = -11*c. What are the prime factors of c?
23, 37
Let u = -8430 + 22944. List the prime factors of u.
2, 3, 41, 59
Let p = -20 + 11. Suppose -f = 2*l + 222, 18*l + 2*f = 17*l - 114. Let i = p - l. What are the prime factors of i?
101
Suppose -123 = -15*i + 12*i. Let y = -35 + i. Let g(p) = -p**3 + 7*p**2 + 5*p - 15. List the prime factors of g(y).
3, 17
Suppose 0 = 3*q - 18*q + 105. Suppose -5*s + 134 = n, 5*s = q*n - 11*n + 506. What are the prime factors of n?
2, 31
Let f(y) = -y**2 - 6*y + 31. Suppose -4*z = -14 + 50. Let l be f(z). Let p(m) = m**3 + 2*m**2 - m + 5. List the prime factors of p(l).
97
What are the prime factors of (76/(-646) - 143928/(-51))*8?
2, 17, 83
Suppose 3*h = 3*s + 18, -s - 3 = h + h. Suppose 0 = -q + h - 0, i = -5*q + 1. List the prime factors of ((-74)/i)/(2/8).
2, 37
Suppose 13 = -3*x - 14, 0 = h - 4*x - 13359. What are the prime factors of h?
3, 4441
Let a = -312 + -247. Let c be (5 - 4)*a/(-1). Suppose 9*w - c - 224 = 0. What are the prime factors of w?
3, 29
Let x = 125 - 158. List the prime factors of (4/5 + -1)*(x - 2).
7
Let t be (4/3)/(16/(-24)). Let p be (-4)/(-18) + 295/9 + t. Suppose 27*r = p*r -